t u(a) = 7506*a**3 + 14*a**2 - 29*a + 2. What is the tens digit of u(2)?
4
Let f(i) = 3*i**2 + 4*i - 6. Suppose 0 = -5*t - 19 - 1. Let m be f(t). Let k = m + 4. What is the tens digit of k?
3
What is the ten thousands digit of (40/(-25)*-23)/((-5546)/5550 - -1)?
5
What is the units digit of (-3)/36 + 1861023/36 + 4?
9
Suppose 2*n - 140 = -v - 2*n, -3*n = 12. Let w be (-382)/(-8) + 1/4. Suppose w = t - v. What is the tens digit of t?
0
Let q(t) be the third derivative of 0 - 5/12*t**4 + t**3 + 0*t + 4*t**2 + 1/30*t**5. What is the tens digit of q(7)?
3
Let c(d) = -221*d**3 + 3*d**2 + 4*d + 2. Suppose -3*q - 8 = -5*i, 0 = q - 2*i - 13 + 16. What is the tens digit of c(q)?
2
Suppose 10*i + 24026 = 13*i - 5*t, -2*i - 5*t + 16009 = 0. What is the hundreds digit of i?
0
Let j(u) = -7*u - 83*u + 19 + 16*u. What is the tens digit of j(-10)?
5
Let l be -3 - 0/(-8) - (-6 - 0). Suppose 6 = 6*r - l*r. Suppose -4*f + 207 = d, 2*f - 7*f - r*d = -261. What is the tens digit of f?
5
Let d be ((-160)/30)/(-4)*3. Suppose d*g = -2*a + 5*g + 2765, -5*a = -g - 6911. What is the tens digit of a?
8
Suppose 239*w - 3958094 = 58*w - 22*w. What is the units digit of w?
8
Let f = 22336 - 10238. What is the ten thousands digit of f?
1
Let s(m) = 8*m**2 - 13*m - 276. Let c be (-2 - -2 - 2)*(9 - 4). What is the tens digit of s(c)?
5
Suppose 3*t - 925 = -307. What is the hundreds digit of (2 - -1)*-1 + t?
2
Let v(y) = 107*y**2 - 5*y + 15. Let s be v(-4). Let f = s + -1044. What is the hundreds digit of f?
7
Suppose -5*i = 3*s - 194, 4*s + 168 = 4*i - 0*s. Suppose -334 = -2*g + 3*t, -174 = -41*g + i*g + 5*t. What is the units digit of g?
4
Let k = -78 - -80. Suppose q = -k*n - n + 200, 4*q - 120 = -2*n. Suppose 4*x = -4*b + 288, -4*b + 374 = -2*x + n. What is the tens digit of b?
7
Let q be 10 - 9 - (221 + 0). What is the tens digit of q*(1 - (1 + 1))?
2
Let m(g) = 213*g + 508. Let u(i) = 108*i + 255. Let b(k) = 3*m(k) - 7*u(k). What is the tens digit of b(-5)?
2
What is the tens digit of (-6)/(2*(-2)/(-535))*1224/(-918)?
7
Let r(h) = 17*h**2 - 4*h - 1. Let c(x) = -36*x**2 + 9*x + 3. Let b(y) = 6*c(y) + 13*r(y). What is the hundreds digit of b(12)?
7
Suppose -63*o + 66*o + 60 = 0. What is the units digit of (-20)/(-25) - 124/o?
7
Let s(l) be the second derivative of 5*l - 22*l - l**2 - l**3 + 6*l**2. What is the tens digit of s(-5)?
4
Suppose -6*u + 10*u = 9*u. What is the hundreds digit of (15 + -1)*(u + 50/4)?
1
Suppose -47273 = -5*g - 8*g + 94011. What is the hundreds digit of g?
8
Let f = -1971 + 4707. What is the units digit of f/(-96)*(-28 - 0)?
8
Suppose -4*u + 639 = 5*b, -3*b + 317 = 2*u + 2*b. What is the hundreds digit of (-1633)/(-1) + u/(-23)?
6
Suppose -8*n + 7933 - 1653 = 0. What is the tens digit of n?
8
Let p(r) = -r**3 - 11*r**2 + 12*r + 4. Let q be ((-12)/(-14))/(1/(-14)). Let l be p(q). Suppose -l*m = -2*m - 178. What is the tens digit of m?
8
Let m(g) = 2*g**2 + 3*g - 22. Let k be m(-5). What is the units digit of 368 + (-13)/(k/2)?
6
What is the hundreds digit of (8 - 13) + 5560 + 12?
5
Let n(u) = 12994*u - 82. What is the tens digit of n(2)?
0
Let z(j) = 2*j + 77. Let t be z(-22). What is the units digit of t/(2/6 + 0)?
9
Suppose 85*d + 50 = 90*d. What is the hundreds digit of (-82)/410 + 8432/d?
8
Let p be (-2 + 5 - -3)/(3/(-38)). Let y = 0 + p. Let i = y - -124. What is the tens digit of i?
4
Let m(r) = 2*r + 34. Let g be m(-12). Let n(b) = b**2 + 10. Let y(x) = 6*x**2 + 50. Let l(p) = -11*n(p) + 2*y(p). What is the tens digit of l(g)?
9
Suppose 147222 - 412120 = -38*d. What is the thousands digit of d?
6
Let y be (96/(-64))/(1/((-11312)/(-3))). Let q be y/(-32) + (-1)/(-4). Suppose -x + 5 + q = 0. What is the hundreds digit of x?
1
What is the units digit of ((24/16)/1)/((-6)/(-25664))?
6
Let f(c) = 6*c**3 - 1 + 2 - 12*c**2 + 2*c**3 + 16*c**3 - 3*c. What is the units digit of f(3)?
2
Suppose -7*x + 12*x = 25. Suppose 2*n + 2*n + x*c = 247, 0 = 3*n + c - 188. Suppose 2*d + 111 = 4*y - 117, 2*d = y - n. What is the tens digit of y?
5
Suppose 0 = -135*g + 142*g - 56840. What is the thousands digit of g?
8
Let o be (-4)/6 - 130*14/105. What is the units digit of (3 - (3 - 5) - o)*37?
1
Let z(q) be the third derivative of -157*q**4/24 - 50*q**3/3 + q**2 - 35. What is the units digit of z(-5)?
5
Let r = -1240 + 2032. Suppose 0 = 6*w - 8*w + r. What is the units digit of w?
6
Suppose 12*z - 504115 = -1507. What is the units digit of z?
4
Let r(q) = -44*q + 9 + 52*q - 8. What is the hundreds digit of r(23)?
1
Suppose -2*m - 38 = -w, 2*m + 0*m = 5*w - 214. Let v = w - -282. What is the tens digit of v?
2
Suppose -45*z + 36*z = -333. Let w(n) = -2*n**2 + 79*n + 48. What is the hundreds digit of w(z)?
2
Let d be (-2)/((2/(-35))/((-6)/30)). Let o(u) = -73*u + 2. What is the hundreds digit of o(d)?
5
Suppose -2*y - 4 = 2. Let i(w) = -47*w**2 - 2*w - 7. Let x(m) = -101*m**2 - 4*m - 15. Let a(f) = -13*i(f) + 6*x(f). What is the tens digit of a(y)?
4
What is the tens digit of (36525 - 1)/(31 + -28 - 1)?
6
Suppose 3*m = -2*q + 9781, -22*q - 5*m + 24440 = -17*q. What is the hundreds digit of q?
8
Suppose 45*k - 108279 = 36*k + 22374. What is the hundreds digit of k?
5
Let d = 0 - -6. Suppose -x - d*x + 28 = 0. What is the units digit of 210/4 + (-2)/x?
2
Suppose 2365 = 4*q - 2*w - 5809, 3*w + 10219 = 5*q. What is the units digit of q?
2
Let i(b) = -b**2 - 10*b + 17. Let g be i(-11). Suppose w - f + g*f = 212, 3*w + 5*f = 656. What is the hundreds digit of w?
2
Let g be 1/8 - 2795/(-104). Suppose a - 10*a = -g. Suppose -x + 0*z + 228 = -4*z, z - a = 0. What is the hundreds digit of x?
2
Suppose 25*z - 20 = 21*z. Suppose 0 = -5*v + 5*n - 92435, -2*n + 92433 = -z*v + n. What is the tens digit of (-4)/(-14) + v/(-126)?
4
Let y(o) = 3*o**3 + 46*o**2 - 699*o + 9. What is the thousands digit of y(22)?
8
Suppose 0 = -15*g + 16*g. Suppose -2732 = -5*n + x, g = 3*n + 5*x + 598 - 2254. What is the tens digit of n?
4
Let w be (-2 - (-6)/4)*(2 + -46). Let k = 16 - w. What is the units digit of (230 + 4)/k*8/(-6)?
2
Suppose 159 + 29 = 4*k. Suppose -3*o + 4*n - 18 = -k, -n + 10 = 5*o. Suppose 4 = -s - o*t + 13, -t = -5*s + 77. What is the tens digit of s?
1
Let k = -27138 + 40170. What is the hundreds digit of k?
0
What is the hundreds digit of (160/(-200))/(4/(-1) + (-444206)/(-111055))?
3
Suppose -8*r = -4*r - 72. Let j = r + -13. Suppose -q + 5*t = -46, j*q = -2*t + 150 + 107. What is the units digit of q?
1
What is the hundreds digit of (-322)/(-2737) + 401929/17?
6
Suppose -9*o + 103 + 50 = 0. Suppose o + 1 = 2*y - 2*z, -4*y + 11 = z. Suppose 5*q - 5 = 0, -y*q - 248 = -4*h - 0*q. What is the tens digit of h?
6
Suppose 2 = 10*r - 18. Suppose -2*j + 921 = 2*m - 253, -5*j + r*m + 2963 = 0. Let s = j + -399. What is the hundreds digit of s?
1
Let h(j) = -j + 32 + 1017 + 3*j + 2*j + 0*j. What is the hundreds digit of h(0)?
0
What is the thousands digit of 1/((1/(-47))/((-18)/((-90)/(-2005))))?
8
Suppose 2*r + 4 = 0, 0*r = 4*p + 2*r - 1048. Let z = -39 + 71. Suppose 2*c + z = 2*f - 222, -c = 2*f - p. What is the tens digit of f?
3
Let m be (-59)/177*-21*681. Suppose m = -6*j + 14253. What is the units digit of j?
1
Let r(q) = -148*q + 53. Let t(l) = 295*l - 109. Let s(h) = -9*r(h) - 4*t(h). What is the hundreds digit of s(8)?
1
Let k be ((-32)/(-6) + 2)/((-2)/18). Let x = k + 75. Suppose 0 = -x*n + 541 - 226. What is the units digit of n?
5
Suppose 36*l - 2309489 = l - 56*l. What is the thousands digit of l?
5
Let s(b) = b**2 - 9*b. Let d be s(9). Suppose d = 16*l + 47 - 2335. What is the hundreds digit of l?
1
Suppose -37*s - 84 = -44*s. Suppose 6*x = 3*x - s, -4*t = 5*x + 88. Let o(b) = -8*b + 31. What is the tens digit of o(t)?
6
Let x = 12 - -24. Suppose 6*k - x = -3*k. Suppose -2*d + k*i + 0*i + 176 = 0, 5*d + 4*i - 440 = 0. What is the tens digit of d?
8
Suppose 3*z + 2243 = 5*b - 181, -b + 474 = 3*z. Let m = b + -198. What is the tens digit of m?
8
Let p(h) = h**2 - h + 5. Let w be p(-3). Let l = w + -14. What is the units digit of 9/((l/(-2))/(-1))?
6
Let u(w) = 38*w**2 - 4*w + 10. Let x be u(4). Let q = -321 + x. What is the tens digit of q?
8
Let i(z) = 5*z + 10. Let g be i(-3). Let u(l) = l**2 + 2*l - 11. Let v be u(g). Let y = 13 + v. What is the tens digit of y?
1
L